2 - 10*i + 24. Let j be z(-11). Let s = -14 + j. Let d be (1 - (-2 + 5)) + (s - 3). Let w(t) = -t**2 - 4*t + 7. Give w(d).
-5
Suppose 31*u - 34*u = -21. Suppose 0 = 19*m - 107 - u. Let k(w) = -w + 3. Calculate k(m).
-3
Let o be (20/(-30) + (-10)/(-6))*5. Let l be o*(-6)/(3 - -3). Let y(p) = p**3 + 5*p**2 + 2*p. Calculate y(l).
-10
Let q be (4/6)/((-730)/(-90) - 8). Let o(s) = -42*s + 88*s - 44*s - 1 - q. Determine o(-5).
-17
Suppose 3*b + 49 - 55 = 0. Let m(a) be the first derivative of -4*a + 5 + 0*a**b - 1/4*a**4 + a**3. Determine m(3).
-4
Let l(p) = -3*p**2 + 27*p - 6. Let c be (18/30)/(17/255). What is l(c)?
-6
Let f(z) = 29*z - 28. Let p(l) = -276*l + 254. Let s(b) = 57*f(b) + 6*p(b). What is s(-14)?
-30
Let v(m) be the third derivative of -m**6/120 + m**5/12 - 5*m**4/24 - 5*m**3/6 + 2*m**2 + 2*m - 1933. Let n = 12 + -7. Determine v(n).
-30
Let r(j) be the first derivative of -1/12*j**4 + 1/2*j**2 + 13 + 1/2*j**3 - j. Let b(w) be the first derivative of r(w). Determine b(3).
1
Let t(h) = h**2 + 4*h - 91. Let p be (-12 + 12 + -10)/((-20)/16). Calculate t(p).
5
Suppose 59*y - 1766*y - 1586 = -72*y - 49*y. Suppose -2*h - 1 = -5*f + 2, 0 = 5*f - 3*h - 2. Let u(x) = -9*x - 11*x - 6*x + f. What is u(y)?
27
Let k(d) = 2*d**3 - 3*d**2 + d + 2. Let a be k(2). Let i(m) = 3*m - 149*m**2 + 1 - m - a*m**3 + 7*m**3 + 139*m**2. Give i(-10).
-19
Let m(n) = -7*n + 11. Let i(w) = -8*w + 12. Suppose -5*t = -5*k - 235, -5*t + 215 = 2*k - 3*k. Let z be 6/t*7*(1 - -6). Let r(x) = z*m(x) - 6*i(x). Give r(6).
-1
Suppose 13 = -2*q - n, 4*q + 7*n = 2*n - 17. Let x(z) be the third derivative of z**5/60 + 5*z**4/24 - 11*z**3/6 + 2*z**2 + 521. Give x(q).
13
Let t be (6/5)/((-8)/40). Let s(g) be the first derivative of -g**2/2 + 2*g + 26. Calculate s(t).
8
Let v(b) = -b**3 + 4*b**2 + 6*b - 6. Let k be v(5). Let z(d) = -d - 8. Let c(o) = -3 - 7 + 23 - 5 - 7. Let x(t) = k*z(t) - 4*c(t). What is x(-7)?
-3
Let t(k) = k**3 + 4*k**2 - 4*k - 5. Suppose -v = 5*f + 83, 4*v + 125 = -5*f + 33. Let i be (-30)/(-2 + (-28)/(-8)). Let l = i - f. Determine t(l).
11
Let n(c) = 29*c**3 - c**2 - 2*c + 2. Let m(o) = -2*o**3 + 129*o**2 + 198*o + 1. Let t be m(66). Determine n(t).
28
Let c be 2 - (5/5 - 0). Suppose -t - 3 + c = 0. Let s be -7 + t - 0/(-1). Let y(w) = -w**2 - 9*w + 1. Give y(s).
1
Let d(k) = 9*k - 1. Suppose 3*u - 6 = -3*q, -4*u + 2*q + 17 = -3*q. Suppose l = -8*p + 3*p - 19, -u*l + 5*p + 23 = 0. What is d(l)?
8
Let n(u) be the first derivative of u**4/12 - 5*u**3/6 - 4*u**2 + 53*u + 1. Let q(r) be the first derivative of n(r). Give q(6).
-2
Let v(g) = -81 - 6*g + 36 + 32 + 15. Suppose -2*b + 7 = -9. Give v(b).
-46
Suppose 4*f = 2*h - 34, -36 + 16 = -3*h + 13. Let w(i) = -i**3 - 5*i**2 + 4*i + 2. Let n(d) = -d. Let o(c) = -4*n(c) - w(c). Calculate o(f).
16
Let y(l) = -l**3 + l**2 + 4*l - 2. Let s(u) = u**3 - 4*u**2 + 8*u - 2. Let b be s(7). Let q = 204 - b. Determine y(q).
-8
Suppose 2*h = 2, -4*u + 5*u - 67 = 2*h. Let k = 17 - 15. Let b(c) = 1 + 68*c + k - u*c. Determine b(-6).
9
Let q = 11369 + -11331. Let o(j) = j**3 - 39*j**2 + 37*j + 10. Give o(q).
-28
Suppose 10*s - 77 = -47. Let b(i) = -3*i**3 + 10*i**2 - 5*i - 1. Determine b(s).
-7
Let k(l) be the second derivative of l**5/20 - l**4/12 - 2*l**3/3 + l**2 - 9641*l. Calculate k(3).
8
Suppose 0 = -1130*i + 8280 - 4273 + 10683. Let k(u) = u**2 - u - 1. Let y(f) = -3*f**2 - 7*f - 4. Let j(t) = 4*k(t) + y(t). Give j(i).
18
Let y(o) be the third derivative of o**6/120 - o**5/20 - 11*o**4/24 - 19*o**3/6 - 5*o**2 - 39. Give y(6).
23
Let i(t) = t - 3. Let n be 3 + 0 - 4 - 0. Let f = 93 - 99. Let c = f - n. Determine i(c).
-8
Suppose 7*m = 11*m + 4. Let l be 4*(0 + -2)/(-8)*-2. Let v be m/1*l*9/6. Let r(y) = y**3 - y**2 - 4*y. Calculate r(v).
6
Let t(q) = -3*q**3 + 2*q**2 - 2. Let b be t(2). Let w be 1/(-4) + b/(-8). Let r(i) = 0*i**2 - w - 2*i**2 + 4*i + 4*i**2 - 3*i**2. Give r(5).
-7
Suppose -4*d + 4 = -5*x + 32, 0 = -2*x - 3*d + 25. Let p(j) = j**3 - 9*j**2 + 9*j - 11. Calculate p(x).
-3
Let q(u) be the third derivative of 0*u + 0 + 3/2*u**3 - 1/8*u**4 + 1/120*u**6 - 7*u**2 - 1/10*u**5. Determine q(6).
-9
Let o(u) = 11*u**3 + u**2 + 2*u - 8. Let k be o(2). Let n = k + -93. Let f(w) = w**2 + 3*w - 5. What is f(n)?
5
Let q(f) = f**2 - 10*f + 18. Suppose -o + 7 = -2*g + 20, 4*g - 3*o - 31 = 0. Let w be 28*3/(42/g). Give q(w).
2
Let g(a) = -8 - 4 - 5*a - a**2 + 12*a. Let b(w) = -221*w - 434. Let o be b(-2). Give g(o).
-20
Let b(q) = -2*q**2 + 31*q - 121. Let k be b(6). Let g(j) = j**2 + 12*j + 27. Calculate g(k).
-8
Let s = 16 + -11. Let a(h) = 16*h - 4*h - 4*h - s*h - 14. Give a(6).
4
Let s = -218 - -220. Let i(r) = -3*r - 5 + 3 + 6 - 4*r**2 + s*r**2. Give i(-3).
-5
Let r(k) = -119*k + 70*k + 2 + 22*k + 29*k. Let t be ((-36)/48)/(2/(-8)). Give r(t).
8
Let l(d) be the third derivative of -d**5/60 + 2*d**4/3 + 3*d**3 - 53*d**2 - 25. Give l(17).
1
Let k(s) = 4*s**2 + 25*s + 5. Let q be k(-6). Let d(p) = 93 + p**2 - 93. Let g be d(q). Let t(x) = 2*x**3 + 2*x**2 - x. Give t(g).
3
Suppose 4 = 2*j - 4*d, -2*j + 6*d + 4 = 3*d. Let u(z) be the first derivative of -2*z - 8 - 5 + 1 - z**2 + j. Calculate u(2).
-6
Let y(h) be the second derivative of 5*h**4/12 - h**3 - 3*h**2/2 + 3*h + 509. Calculate y(5).
92
Let a(h) = -59*h + 416. Let x be a(7). Let y(l) be the first derivative of 9 - 5/2*l**2 - l + 1/3*l**x. Give y(6).
5
Let c(p) = 6*p + 20. Let m(i) = -69*i**2 - 759*i - 4. Let u be m(-11). What is c(u)?
-4
Let i(k) = -k**2 - 1. Let z(p) = -4*p**2 - 4. Let c = -93 - -94. Let v(f) = c*z(f) - 3*i(f). Determine v(2).
-5
Let r(p) = -p**3 + 6*p**2 - 106*p + 503. Let f be r(5). Let l(a) = -1 + 31*a**2 - 28*a**2 + a - a**3 + 0. What is l(f)?
17
Suppose -41*p - 952 = 78*p. Let o(x) be the third derivative of 2*x**3 - x**2 + 0 + 1/12*x**4 + 0*x. Give o(p).
-4
Let u(w) = -1574*w + 1 - 1556*w + 3125*w. Determine u(8).
-39
Let s(c) = -c + 13. Suppose -7*a = -8*a - 52. Let t = -47 - a. Suppose t*d - 43 = -5*f - 3, 5*f = -4*d + 34. Determine s(d).
7
Suppose -2*d + 3 = 3*c + 1, 3*d - 3*c = -12. Let t(l) be the second derivative of l + 1/6*l**3 + 128 + 1/2*l**2. What is t(d)?
-1
Let h(q) = 15*q - 67. Let t be (-28)/(-16 - -44)*0. Give h(t).
-67
Let b(c) = -3*c + 17. Suppose y - 23 = 25. Suppose -s + 3 = z, -5*s = -2*z - 14 + y. Calculate b(z).
-4
Let k be 4/2 + 176/22. Let s be (-5)/((1 - 3)*k/8). Let y(j) = 5 - 6*j + 4 - 3 - j**2 + s. Calculate y(-7).
1
Let p(n) be the second derivative of n**4/24 - 11*n**3/6 + 33*n**2/2 - 2*n + 14. Let v(g) be the first derivative of p(g). What is v(0)?
-11
Let h(s) = -s**3 - 12*s**2 - s - 11. Let v be (-35)/(-5)*(-1)/(-7). Let p be (19/19)/(v/(-12)). Determine h(p).
1
Suppose 3*m + 6 = 18. Suppose 7*s - m*s = -3*x + 6, 0 = 5*s - 10. Let r(t) = 6*t - 104 + 100 + x*t. Give r(-3).
-22
Let f(q) be the first derivative of -q**4/4 - 5*q**3/3 - q**2 - 1. Let g be f(-4). Let k(m) be the third derivative of m**4/24 + m**3/6 - 8063*m**2. Give k(g).
-7
Let m(q) = -4*q + q**3 + 419*q**2 - 411*q**2 + 225 - 242. Determine m(-9).
-62
Let d(t) be the first derivative of t**2/2 - 840. Suppose 0 = 2*z + 8, 5*r = -4*z - 0*z - 16. What is d(r)?
0
Let i(g) = g**3 - 15*g**2 - 54*g - 31. Let v be (-8)/(-68) - 38*24/(-51). Determine i(v).
-31
Let i(z) = -z**2 - 5*z - 1. Let j be i(-5). Let h(n) be the second derivative of -11*n**5/20 + n**3/6 + 7994*n. Determine h(j).
10
Let f(n) = -n**3 + n**2 - n - 1. Suppose -7*j - 11 = 5*p - 5*j, 2 = 2*p + 4*j. Determine f(p).
38
Let o = 6497 - 6503. Let v(y) = -y**2 + 3*y + 18. What is v(o)?
-36
Let t(h) = 7*h**2 - h - 6. Let i(x) = -4*x**2 + x + 3. Let s(d) = 5*i(d) + 3*t(d). Suppose -23*o = 7*o + 26*o - 280. Determine s(o).
32
Suppose -4*o + 2208 = 19*o. Let g = o + -101. Let l(u) = u**3 + 6*u**2 + 5*u - 1. Give l(g).
-1
Suppose 25840 = 21*d + 19*d. Suppose -d*c = -649*c + 6. Let j(l) = 2*l - 1. What is j(c)?
3
Let j(q) = -26*q + 23. Let v(k) = -7*k + 10. Let h(t) = 13*t - 21. Let i(b) = -2*h(b) - 5*v(b). Let f(r) = 11*i(r) + 4*j(r). Calculate f(3).
-11
Let y(f) be the first derivative of -f**4/4 + 3*f**3 + 13*f**2/2 - 24*f - 983. Give y(10).
6
Let u(n) be the third derivative of 3*n**4/8 - n**3/2 - 20*n**2. Let d be u(-5). Let a = d - -46. Let q(p) = -p. Determine q(a).
2
Let v(n) = -45*n - 150